 is the remainder when 16415443 is divided by 30?
13
Calculate the remainder when 302323234 is divided by 7185.
7174
What is the remainder when 2131464 is divided by 32294?
60
Calculate the remainder when 3689705563 is divided by 142.
141
What is the remainder when 1597160 is divided by 1596957?
203
Calculate the remainder when 2816155 is divided by 6122.
35
Calculate the remainder when 22397176 is divided by 2800.
2776
Calculate the remainder when 736306 is divided by 184040.
146
Calculate the remainder when 25434588 is divided by 2543456.
28
What is the remainder when 734812 is divided by 947?
887
Calculate the remainder when 917079 is divided by 2796.
2787
What is the remainder when 25403918 is divided by 930?
38
What is the remainder when 2984153 is divided by 328?
9
Calculate the remainder when 585840 is divided by 20200.
40
What is the remainder when 34474910 is divided by 998?
996
What is the remainder when 7161902 is divided by 895233?
38
Calculate the remainder when 282856 is divided by 11312.
56
What is the remainder when 2480213 is divided by 94?
23
Calculate the remainder when 118705656 is divided by 176.
168
What is the remainder when 767336 is divided by 1177?
1109
Calculate the remainder when 177382 is divided by 62.
0
Calculate the remainder when 2450544 is divided by 8061.
0
What is the remainder when 130328145 is divided by 108?
9
What is the remainder when 9464 is divided by 7229?
2235
Calculate the remainder when 736962 is divided by 46060.
2
Calculate the remainder when 49509 is divided by 24721.
67
Calculate the remainder when 166746 is divided by 1387.
306
Calculate the remainder when 1263788 is divided by 5035.
3
What is the remainder when 255660 is divided by 894?
870
Calculate the remainder when 99061 is divided by 351.
79
Calculate the remainder when 360541976 is divided by 602913.
2
What is the remainder when 97116 is divided by 1751?
811
Calculate the remainder when 15800937 is divided by 1137.
48
Calculate the remainder when 2686587 is divided by 223.
106
Calculate the remainder when 2165625 is divided by 58530.
15
Calculate the remainder when 505825 is divided by 719.
368
Calculate the remainder when 489910 is divided by 151.
66
Calculate the remainder when 10926213 is divided by 931.
928
What is the remainder when 5296764 is divided by 230294?
2
What is the remainder when 3793802 is divided by 931?
908
Calculate the remainder when 237726775 is divided by 17.
16
What is the remainder when 4394791 is divided by 878953?
26
Calculate the remainder when 881521 is divided by 293784.
169
Calculate the remainder when 64318 is divided by 261.
112
What is the remainder when 1588700 is divided by 94?
6
Calculate the remainder when 81142 is divided by 93.
46
Calculate the remainder when 141727 is divided by 138578.
3149
What is the remainder when 1864289 is divided by 137?
130
Calculate the remainder when 327090982 is divided by 1273.
1270
What is the remainder when 38892 is divided by 483?
252
Calculate the remainder when 2763867 is divided by 40645.
7
What is the remainder when 1247006 is divided by 1563?
1295
What is the remainder when 530028 is divided by 176649?
81
What is the remainder when 107707 is divided by 4152?
3907
What is the remainder when 1522146 is divided by 80107?
113
Calculate the remainder when 190011 is divided by 2284.
439
What is the remainder when 29879534 is divided by 563?
561
What is the remainder when 106224 is divided by 2529?
6
Calculate the remainder when 30131870 is divided by 224.
62
What is the remainder when 5203239 is divided by 26?
15
What is the remainder when 345769523 is divided by 301?
288
What is the remainder when 4987 is divided by 4475?
512
Calculate the remainder when 210511 is divided by 1911.
301
What is the remainder when 2468487 is divided by 143?
21
Calculate the remainder when 25263632 is divided by 1607.
1592
What is the remainder when 2442320 is divided by 133?
41
What is the remainder when 61546481 is divided by 165?
161
What is the remainder when 4004613 is divided by 2002216?
181
What is the remainder when 97203 is divided by 675?
3
Calculate the remainder when 515753 is divided by 3050.
303
Calculate the remainder when 1360918 is divided by 424.
302
What is the remainder when 21225997 is divided by 200?
197
Calculate the remainder when 213560 is divided by 14183.
815
Calculate the remainder when 49409 is divided by 11351.
4005
What is the remainder when 796142231 is divided by 72?
71
What is the remainder when 2052716 is divided by 69?
35
What is the remainder when 5986711 is divided by 121?
115
Calculate the remainder when 1741691 is divided by 2595.
446
What is the remainder when 29178132 is divided by 85818?
12
What is the remainder when 766063 is divided by 1811?
10
Calculate the remainder when 203819 is divided by 253.
154
What is the remainder when 9781162 is divided by 92?
90
Calculate the remainder when 52312550 is divided by 2092.
2090
Calculate the remainder when 12834005 is divided by 17485.
15
What is the remainder when 15887337 is divided by 135?
132
What is the remainder when 6048615 is divided by 293?
216
What is the remainder when 5584525 is divided by 18?
7
What is the remainder when 13661652 is divided by 13661643?
9
What is the remainder when 229058 is divided by 752?
450
Calculate the remainder when 262161 is divided by 44.
9
Calculate the remainder when 913438 is divided by 88.
86
Calculate the remainder when 275501 is divided by 13589.
3721
What is the remainder when 10045146 is divided by 1718?
0
Calculate the remainder when 5414278 is divided by 14517.
13954
Calculate the remainder when 75935060 is divided by 37967507.
46
What is the remainder when 1130447 is divided by 49?
17
What is the remainder when 4825000 is divided by 210?
40
Calculate the remainder when 495317 is divided by 2502.
2423
What is the remainder when 5118190 is divided by 1705747?
949
Calculate the remainder when 85066 is divided by 127.
103
What is the remainder when 62396673 is divided by 8?
1
What is the remainder when 6965951 is divided by 2183?
2181
Calculate the remainder when 34734 is divided by 219.
132
What is the remainder when 13737058 is divided by 62?
28
Calculate the remainder when 575372 is divided by 35960.
12
Calculate the remainder when 977805427 is divided by 1436.
1435
What is the remainder when 8524480 is divided by 64093?
111
What is the remainder when 3838502 is divided by 1279474?
80
What is the remainder when 210144181 is divided by 21014415?
31
What is the remainder when 62174 is divided by 3726?
2558
What is the remainder when 309142 is divided by 8190?
6112
What is the remainder when 459145 is divided by 656?
601
Calculate the remainder when 200005794 is divided by 11.
10
Calculate the remainder when 30065 is divided by 2719.
156
Calculate the remainder when 87870 is divided by 29285.
15
What is the remainder when 94500 is divided by 275?
175
Calculate the remainder when 11502 is divided by 362.
280
What is the remainder when 40676232 is divided by 10169052?
24
Calculate the remainder when 81503911 is divided by 4564.
4563
Calculate the remainder when 1930821 is divided by 54.
51
What is the remainder when 185157 is divided by 1790?
787
Calculate the remainder when 6649849 is divided by 2485.
2474
Calculate the remainder when 804226 is divided by 63.
31
What is the remainder when 1372148 is divided by 660?
8
What is the remainder when 671614 is divided by 65?
34
What is the remainder when 709948 is divided by 354924?
100
What is the remainder when 2345196 is divided by 1139?
1134
What is the remainder when 16319036 is divided by 162?
128
What is the remainder when 1569926 is divided by 135?
11
Calculate the remainder when 1487890 is divided by 1910.
0
What is the remainder when 1239512 is divided by 49580?
12
Calculate the remainder when 22880 is divided by 5665.
220
Calculate the remainder when 4854395 is divided by 4854383.
12
What is the remainder when 1792172 is divided by 761?
17
What is the remainder when 402128231 is divided by 33?
32
Calculate the remainder when 3342944 is divided by 3634.
3298
Calculate the remainder when 1543465 is divided by 2761.
66
Calculate the remainder when 837181 is divided by 521.
455
Calculate the remainde